{"id":237,"date":"2023-01-19T12:23:25","date_gmt":"2023-01-19T11:23:25","guid":{"rendered":"https:\/\/www.mdrhformation.fr\/?page_id=237"},"modified":"2025-06-12T16:57:50","modified_gmt":"2025-06-12T14:57:50","slug":"cgv-conditions-generales-de-vente-formation-bilan-de-competences","status":"publish","type":"page","link":"https:\/\/www.mdrhformation.fr\/?page_id=237","title":{"rendered":"CGV"},"content":{"rendered":"\n<div class=\"wp-block-buttons is-content-justification-center is-layout-flex wp-container-core-buttons-is-layout-16018d1d wp-block-buttons-is-layout-flex\">\n<div class=\"wp-block-button has-custom-width wp-block-button__width-50\"><a class=\"wp-block-button__link has-colibri-color-5-color has-text-color has-background wp-element-button\" href=\"https:\/\/www.mdrhformation.fr\/wp-content\/uploads\/2023\/03\/CGV-17032023.pdf\" style=\"background-color:#176063\" target=\"_blank\" rel=\"noreferrer noopener\">T\u00e9l\u00e9chargez<\/a><\/div>\n<\/div>\n\n\n\n<p class=\"has-colibri-color-5-background-color has-background\"><\/p>\n\n\n\n<div id=\"section-g18b159\" class=\"wp-block-gutentor-e6 section-g18b159 gutentor-element gutentor-element-image text-align-center-desktop\"><div class=\"gutentor-element-image-box\"><a class=\"gutentor-element-image-link\" href=\"https:\/\/www.mdrhformation.fr\/wp-content\/uploads\/2024\/04\/CGV.pdf\"><div class=\"gutentor-image-thumb\"><img decoding=\"async\" class=\"normal-image lazyload\" data-src=\"https:\/\/www.mdrhformation.fr\/wp-content\/uploads\/2025\/06\/CGV_062025-724x1024.png\" data-srcset=\"https:\/\/www.mdrhformation.fr\/wp-content\/uploads\/2025\/06\/CGV_062025.png 2x\" src=\"data:image\/svg+xml;base64,PHN2ZyB3aWR0aD0iMSIgaGVpZ2h0PSIxIiB4bWxucz0iaHR0cDovL3d3dy53My5vcmcvMjAwMC9zdmciPjwvc3ZnPg==\" style=\"--smush-placeholder-width: 724px; --smush-placeholder-aspect-ratio: 724\/1024;\" \/><\/div><\/a><\/div><\/div>\n\n\n<div class=\"is-default-size aligncenter wp-block-site-logo\"><a href=\"https:\/\/www.mdrhformation.fr\/\" class=\"custom-logo-link\" rel=\"home\"><img fetchpriority=\"high\" decoding=\"async\" width=\"1000\" height=\"1000\" src=\"https:\/\/www.mdrhformation.fr\/wp-content\/uploads\/2023\/02\/LOGO-nu.png\" class=\"custom-logo\" alt=\"Mdrh formation \" srcset=\"https:\/\/www.mdrhformation.fr\/wp-content\/uploads\/2023\/02\/LOGO-nu.png 1000w, https:\/\/www.mdrhformation.fr\/wp-content\/uploads\/2023\/02\/LOGO-nu-300x300.png 300w, https:\/\/www.mdrhformation.fr\/wp-content\/uploads\/2023\/02\/LOGO-nu-150x150.png 150w, https:\/\/www.mdrhformation.fr\/wp-content\/uploads\/2023\/02\/LOGO-nu-768x768.png 768w\" sizes=\"(max-width: 1000px) 100vw, 1000px\" \/><\/a><\/div>\n\n\n<div class=\"wp-block-buttons is-content-justification-center is-layout-flex wp-container-core-buttons-is-layout-16018d1d wp-block-buttons-is-layout-flex\">\n<div class=\"wp-block-button has-custom-width wp-block-button__width-75\"><a class=\"wp-block-button__link has-colibri-color-5-color has-text-color has-background wp-element-button\" href=\"https:\/\/entreprendre.service-public.fr\/vosdroits\/F33527\" style=\"background-color:#176063\">CGV &#8211; Service publique<\/a><\/div>\n<\/div>\n\n\n\n<p class=\"has-colibri-color-5-background-color has-background\"><\/p>\n\n\n\n<div id=\"section-ga382a9\" class=\"wp-block-gutentor-e6 section-ga382a9 gutentor-element gutentor-element-image text-align-center-desktop\"><div class=\"gutentor-element-image-box\"><a class=\"gutentor-element-image-link\" href=\"https:\/\/www.mdrhformation.fr\/?page_id=202(ouvre un nouvel onglet)\" target=\"_blank\" rel=\" noopener noreferrer\"><div class=\"gutentor-image-thumb\"><img decoding=\"async\" class=\"normal-image lazyload\" data-src=\"https:\/\/www.mdrhformation.fr\/wp-content\/uploads\/2024\/02\/contact2.gif\" src=\"data:image\/svg+xml;base64,PHN2ZyB3aWR0aD0iMSIgaGVpZ2h0PSIxIiB4bWxucz0iaHR0cDovL3d3dy53My5vcmcvMjAwMC9zdmciPjwvc3ZnPg==\" \/><\/div><\/a><\/div><\/div>\n\n\n<div class=\"yoast-breadcrumbs\"><span><span><a href=\"https:\/\/www.mdrhformation.fr\/\">Accueil<\/a><\/span> \u00bb <span class=\"breadcrumb_last\" aria-current=\"page\">CGV<\/span><\/span><\/div>\n\n\n<ul class=\"wp-block-social-links is-layout-flex wp-block-social-links-is-layout-flex\"><li class=\"wp-social-link wp-social-link-linkedin  wp-block-social-link\"><a href=\"https:\/\/entreprendre.service-public.fr\/vosdroits\/F33527\" class=\"wp-block-social-link-anchor\"><svg width=\"24\" height=\"24\" viewBox=\"0 0 24 24\" version=\"1.1\" xmlns=\"http:\/\/www.w3.org\/2000\/svg\" aria-hidden=\"true\" focusable=\"false\"><path d=\"M19.7,3H4.3C3.582,3,3,3.582,3,4.3v15.4C3,20.418,3.582,21,4.3,21h15.4c0.718,0,1.3-0.582,1.3-1.3V4.3 C21,3.582,20.418,3,19.7,3z M8.339,18.338H5.667v-8.59h2.672V18.338z M7.004,8.574c-0.857,0-1.549-0.694-1.549-1.548 c0-0.855,0.691-1.548,1.549-1.548c0.854,0,1.547,0.694,1.547,1.548C8.551,7.881,7.858,8.574,7.004,8.574z M18.339,18.338h-2.669 v-4.177c0-0.996-0.017-2.278-1.387-2.278c-1.389,0-1.601,1.086-1.601,2.206v4.249h-2.667v-8.59h2.559v1.174h0.037 c0.356-0.675,1.227-1.387,2.526-1.387c2.703,0,3.203,1.779,3.203,4.092V18.338z\"><\/path><\/svg><span class=\"wp-block-social-link-label screen-reader-text\">LinkedIn<\/span><\/a><\/li>\n\n<li class=\"wp-social-link wp-social-link-facebook  wp-block-social-link\"><a href=\"https:\/\/www.facebook.com\/Mdrhformation\" class=\"wp-block-social-link-anchor\"><svg width=\"24\" height=\"24\" viewBox=\"0 0 24 24\" version=\"1.1\" xmlns=\"http:\/\/www.w3.org\/2000\/svg\" aria-hidden=\"true\" focusable=\"false\"><path d=\"M12 2C6.5 2 2 6.5 2 12c0 5 3.7 9.1 8.4 9.9v-7H7.9V12h2.5V9.8c0-2.5 1.5-3.9 3.8-3.9 1.1 0 2.2.2 2.2.2v2.5h-1.3c-1.2 0-1.6.8-1.6 1.6V12h2.8l-.4 2.9h-2.3v7C18.3 21.1 22 17 22 12c0-5.5-4.5-10-10-10z\"><\/path><\/svg><span class=\"wp-block-social-link-label screen-reader-text\">Facebook<\/span><\/a><\/li><\/ul>\n\n\n\n<p class=\"has-text-align-center has-text-color has-link-color wp-elements-c5a5a74ba39cf2aefaac5a6390e27d54\" style=\"color:#176063\"><strong><a href=\"https:\/\/www.mdrhformation.fr\/?page_id=237(ouvre un nouvel onglet)\" target=\"_blank\" rel=\"noreferrer noopener\">CGV<\/a><\/strong>&nbsp;&#8211;&nbsp;<strong><a href=\"https:\/\/www.mdrhformation.fr\/wp-content\/uploads\/2024\/02\/V1_-AF-REGLEMENT-INTERIEUR-STAGIAIRE.pdf\" target=\"_blank\" rel=\"noreferrer noopener\">R\u00e8glement Int\u00e9rieur<\/a><\/strong>&nbsp;&#8211;&nbsp;<strong><a href=\"https:\/\/www.mdrhformation.fr\/?page_id=3(ouvre un nouvel onglet)\" target=\"_blank\" rel=\"noreferrer noopener\">Confidentialit\u00e9<\/a><\/strong>&nbsp;&#8211;&nbsp;<strong><a href=\"https:\/\/www.mdrhformation.fr\/?page_id=234(ouvre un nouvel onglet)\" target=\"_blank\" rel=\"noreferrer noopener\">Mentions L\u00e9gales<\/a><\/strong> &#8211; <strong><a href=\"https:\/\/www.mdrhformation.fr\/wp-content\/uploads\/2024\/02\/Charte-deontologique-MDRHFORMATION.pdf\">Charte d\u00e9ontologique Mdrh Formation<\/a><\/strong> &#8211; <strong><a href=\"https:\/\/www.mdrhformation.fr\/wp-content\/uploads\/2024\/02\/Design-sans-titre.png\">Cer<\/a><a href=\"https:\/\/www.mdrhformation.fr\/wp-content\/uploads\/2024\/02\/Design-sans-titre.png\" target=\"_blank\" rel=\"noreferrer noopener\">tification Qualiopi<\/a><\/strong><\/p>\n","protected":false},"excerpt":{"rendered":"<p>CGV&nbsp;&#8211;&nbsp;R\u00e8glement Int\u00e9rieur&nbsp;&#8211;&nbsp;Confidentialit\u00e9&nbsp;&#8211;&nbsp;Mentions L\u00e9gales &#8211; Charte d\u00e9ontologique Mdrh Formation &#8211; Certification Qualiopi<\/p>\n","protected":false},"author":2,"featured_media":1677,"parent":0,"menu_order":0,"comment_status":"closed","ping_status":"closed","template":"","meta":{"_eb_attr":"","_uag_custom_page_level_css":"","advgb_blocks_editor_width":"","advgb_blocks_columns_visual_guide":"","_themeisle_gutenberg_block_has_review":false,"footnotes":""},"class_list":["post-237","page","type-page","status-publish","has-post-thumbnail","hentry"],"featured_image_src":"https:\/\/www.mdrhformation.fr\/wp-content\/uploads\/2023\/03\/CGV-17032023.png","yoast_head":"<!-- This site is optimized with the Yoast SEO plugin v27.3 - https:\/\/yoast.com\/product\/yoast-seo-wordpress\/ -->\n<title>CGV - Mdrh formation<\/title>\n<meta name=\"description\" content=\"Mdrh formation pr\u00e9sente ses CGV, conditions g\u00e9n\u00e9rales de vente Parthenay et Neuville de Poitou - centre de formation - bilan de comp\u00e9tences\" \/>\n<meta name=\"robots\" content=\"index, follow, max-snippet:-1, max-image-preview:large, max-video-preview:-1\" \/>\n<link rel=\"canonical\" href=\"https:\/\/www.mdrhformation.fr\/?page_id=237\" \/>\n<meta property=\"og:locale\" content=\"fr_FR\" \/>\n<meta property=\"og:type\" content=\"article\" \/>\n<meta property=\"og:title\" content=\"CGV - Mdrh formation\" \/>\n<meta property=\"og:description\" content=\"Mdrh formation pr\u00e9sente ses CGV, conditions g\u00e9n\u00e9rales de vente Parthenay et Neuville de Poitou - centre de formation - bilan de comp\u00e9tences\" \/>\n<meta property=\"og:url\" content=\"https:\/\/www.mdrhformation.fr\/?page_id=237\" \/>\n<meta property=\"og:site_name\" content=\"Mdrh formation\" \/>\n<meta property=\"article:modified_time\" content=\"2025-06-12T14:57:50+00:00\" \/>\n<meta property=\"og:image\" content=\"https:\/\/www.mdrhformation.fr\/wp-content\/uploads\/2023\/03\/CGV-17032023.png\" \/>\n\t<meta property=\"og:image:width\" content=\"1414\" \/>\n\t<meta property=\"og:image:height\" content=\"2000\" \/>\n\t<meta property=\"og:image:type\" content=\"image\/png\" \/>\n<meta name=\"twitter:card\" content=\"summary_large_image\" \/>\n<meta name=\"twitter:label1\" content=\"Dur\u00e9e de lecture estim\u00e9e\" \/>\n\t<meta name=\"twitter:data1\" content=\"1 minute\" \/>\n<script type=\"application\/ld+json\" class=\"yoast-schema-graph\">{\"@context\":\"https:\\\/\\\/schema.org\",\"@graph\":[{\"@type\":\"WebPage\",\"@id\":\"https:\\\/\\\/www.mdrhformation.fr\\\/?page_id=237\",\"url\":\"https:\\\/\\\/www.mdrhformation.fr\\\/?page_id=237\",\"name\":\"CGV - Mdrh formation\",\"isPartOf\":{\"@id\":\"https:\\\/\\\/www.mdrhformation.fr\\\/#website\"},\"primaryImageOfPage\":{\"@id\":\"https:\\\/\\\/www.mdrhformation.fr\\\/?page_id=237#primaryimage\"},\"image\":{\"@id\":\"https:\\\/\\\/www.mdrhformation.fr\\\/?page_id=237#primaryimage\"},\"thumbnailUrl\":\"https:\\\/\\\/www.mdrhformation.fr\\\/wp-content\\\/uploads\\\/2023\\\/03\\\/CGV-17032023.png\",\"datePublished\":\"2023-01-19T11:23:25+00:00\",\"dateModified\":\"2025-06-12T14:57:50+00:00\",\"description\":\"Mdrh formation pr\u00e9sente ses CGV, conditions g\u00e9n\u00e9rales de vente Parthenay et Neuville de Poitou - centre de formation - bilan de comp\u00e9tences\",\"breadcrumb\":{\"@id\":\"https:\\\/\\\/www.mdrhformation.fr\\\/?page_id=237#breadcrumb\"},\"inLanguage\":\"fr-FR\",\"potentialAction\":[{\"@type\":\"ReadAction\",\"target\":[\"https:\\\/\\\/www.mdrhformation.fr\\\/?page_id=237\"]}]},{\"@type\":\"ImageObject\",\"inLanguage\":\"fr-FR\",\"@id\":\"https:\\\/\\\/www.mdrhformation.fr\\\/?page_id=237#primaryimage\",\"url\":\"https:\\\/\\\/www.mdrhformation.fr\\\/wp-content\\\/uploads\\\/2023\\\/03\\\/CGV-17032023.png\",\"contentUrl\":\"https:\\\/\\\/www.mdrhformation.fr\\\/wp-content\\\/uploads\\\/2023\\\/03\\\/CGV-17032023.png\",\"width\":1414,\"height\":2000,\"caption\":\"Mdrh formation - CGV\"},{\"@type\":\"BreadcrumbList\",\"@id\":\"https:\\\/\\\/www.mdrhformation.fr\\\/?page_id=237#breadcrumb\",\"itemListElement\":[{\"@type\":\"ListItem\",\"position\":1,\"name\":\"Accueil\",\"item\":\"https:\\\/\\\/www.mdrhformation.fr\\\/\"},{\"@type\":\"ListItem\",\"position\":2,\"name\":\"CGV\"}]},{\"@type\":\"WebSite\",\"@id\":\"https:\\\/\\\/www.mdrhformation.fr\\\/#website\",\"url\":\"https:\\\/\\\/www.mdrhformation.fr\\\/\",\"name\":\"www.mdrhformation.fr\",\"description\":\"L&#039;innovation au c\u0153ur de la formation\",\"publisher\":{\"@id\":\"https:\\\/\\\/www.mdrhformation.fr\\\/#organization\"},\"potentialAction\":[{\"@type\":\"SearchAction\",\"target\":{\"@type\":\"EntryPoint\",\"urlTemplate\":\"https:\\\/\\\/www.mdrhformation.fr\\\/?s={search_term_string}\"},\"query-input\":{\"@type\":\"PropertyValueSpecification\",\"valueRequired\":true,\"valueName\":\"search_term_string\"}}],\"inLanguage\":\"fr-FR\"},{\"@type\":\"Organization\",\"@id\":\"https:\\\/\\\/www.mdrhformation.fr\\\/#organization\",\"name\":\"mdrh formation\",\"url\":\"https:\\\/\\\/www.mdrhformation.fr\\\/\",\"logo\":{\"@type\":\"ImageObject\",\"inLanguage\":\"fr-FR\",\"@id\":\"https:\\\/\\\/www.mdrhformation.fr\\\/#\\\/schema\\\/logo\\\/image\\\/\",\"url\":\"https:\\\/\\\/www.mdrhformation.fr\\\/wp-content\\\/uploads\\\/2023\\\/02\\\/LOGO-nu.png\",\"contentUrl\":\"https:\\\/\\\/www.mdrhformation.fr\\\/wp-content\\\/uploads\\\/2023\\\/02\\\/LOGO-nu.png\",\"width\":1000,\"height\":1000,\"caption\":\"mdrh formation\"},\"image\":{\"@id\":\"https:\\\/\\\/www.mdrhformation.fr\\\/#\\\/schema\\\/logo\\\/image\\\/\"},\"sameAs\":[\"https:\\\/\\\/www.linkedin.com\\\/company\\\/mdrh-formation\\\/?viewAsMember=true\"]}]}<\/script>\n<!-- \/ Yoast SEO plugin. -->","yoast_head_json":{"title":"CGV - Mdrh formation","description":"Mdrh formation pr\u00e9sente ses CGV, conditions g\u00e9n\u00e9rales de vente Parthenay et Neuville de Poitou - centre de formation - bilan de comp\u00e9tences","robots":{"index":"index","follow":"follow","max-snippet":"max-snippet:-1","max-image-preview":"max-image-preview:large","max-video-preview":"max-video-preview:-1"},"canonical":"https:\/\/www.mdrhformation.fr\/?page_id=237","og_locale":"fr_FR","og_type":"article","og_title":"CGV - Mdrh formation","og_description":"Mdrh formation pr\u00e9sente ses CGV, conditions g\u00e9n\u00e9rales de vente Parthenay et Neuville de Poitou - centre de formation - bilan de comp\u00e9tences","og_url":"https:\/\/www.mdrhformation.fr\/?page_id=237","og_site_name":"Mdrh formation","article_modified_time":"2025-06-12T14:57:50+00:00","og_image":[{"width":1414,"height":2000,"url":"https:\/\/www.mdrhformation.fr\/wp-content\/uploads\/2023\/03\/CGV-17032023.png","type":"image\/png"}],"twitter_card":"summary_large_image","twitter_misc":{"Dur\u00e9e de lecture estim\u00e9e":"1 minute"},"schema":{"@context":"https:\/\/schema.org","@graph":[{"@type":"WebPage","@id":"https:\/\/www.mdrhformation.fr\/?page_id=237","url":"https:\/\/www.mdrhformation.fr\/?page_id=237","name":"CGV - Mdrh formation","isPartOf":{"@id":"https:\/\/www.mdrhformation.fr\/#website"},"primaryImageOfPage":{"@id":"https:\/\/www.mdrhformation.fr\/?page_id=237#primaryimage"},"image":{"@id":"https:\/\/www.mdrhformation.fr\/?page_id=237#primaryimage"},"thumbnailUrl":"https:\/\/www.mdrhformation.fr\/wp-content\/uploads\/2023\/03\/CGV-17032023.png","datePublished":"2023-01-19T11:23:25+00:00","dateModified":"2025-06-12T14:57:50+00:00","description":"Mdrh formation pr\u00e9sente ses CGV, conditions g\u00e9n\u00e9rales de vente Parthenay et Neuville de Poitou - centre de formation - bilan de comp\u00e9tences","breadcrumb":{"@id":"https:\/\/www.mdrhformation.fr\/?page_id=237#breadcrumb"},"inLanguage":"fr-FR","potentialAction":[{"@type":"ReadAction","target":["https:\/\/www.mdrhformation.fr\/?page_id=237"]}]},{"@type":"ImageObject","inLanguage":"fr-FR","@id":"https:\/\/www.mdrhformation.fr\/?page_id=237#primaryimage","url":"https:\/\/www.mdrhformation.fr\/wp-content\/uploads\/2023\/03\/CGV-17032023.png","contentUrl":"https:\/\/www.mdrhformation.fr\/wp-content\/uploads\/2023\/03\/CGV-17032023.png","width":1414,"height":2000,"caption":"Mdrh formation - CGV"},{"@type":"BreadcrumbList","@id":"https:\/\/www.mdrhformation.fr\/?page_id=237#breadcrumb","itemListElement":[{"@type":"ListItem","position":1,"name":"Accueil","item":"https:\/\/www.mdrhformation.fr\/"},{"@type":"ListItem","position":2,"name":"CGV"}]},{"@type":"WebSite","@id":"https:\/\/www.mdrhformation.fr\/#website","url":"https:\/\/www.mdrhformation.fr\/","name":"www.mdrhformation.fr","description":"L&#039;innovation au c\u0153ur de la formation","publisher":{"@id":"https:\/\/www.mdrhformation.fr\/#organization"},"potentialAction":[{"@type":"SearchAction","target":{"@type":"EntryPoint","urlTemplate":"https:\/\/www.mdrhformation.fr\/?s={search_term_string}"},"query-input":{"@type":"PropertyValueSpecification","valueRequired":true,"valueName":"search_term_string"}}],"inLanguage":"fr-FR"},{"@type":"Organization","@id":"https:\/\/www.mdrhformation.fr\/#organization","name":"mdrh formation","url":"https:\/\/www.mdrhformation.fr\/","logo":{"@type":"ImageObject","inLanguage":"fr-FR","@id":"https:\/\/www.mdrhformation.fr\/#\/schema\/logo\/image\/","url":"https:\/\/www.mdrhformation.fr\/wp-content\/uploads\/2023\/02\/LOGO-nu.png","contentUrl":"https:\/\/www.mdrhformation.fr\/wp-content\/uploads\/2023\/02\/LOGO-nu.png","width":1000,"height":1000,"caption":"mdrh formation"},"image":{"@id":"https:\/\/www.mdrhformation.fr\/#\/schema\/logo\/image\/"},"sameAs":["https:\/\/www.linkedin.com\/company\/mdrh-formation\/?viewAsMember=true"]}]}},"uagb_featured_image_src":{"full":["https:\/\/www.mdrhformation.fr\/wp-content\/uploads\/2023\/03\/CGV-17032023.png",1414,2000,false],"thumbnail":["https:\/\/www.mdrhformation.fr\/wp-content\/uploads\/2023\/03\/CGV-17032023-150x150.png",150,150,true],"medium":["https:\/\/www.mdrhformation.fr\/wp-content\/uploads\/2023\/03\/CGV-17032023-212x300.png",212,300,true],"medium_large":["https:\/\/www.mdrhformation.fr\/wp-content\/uploads\/2023\/03\/CGV-17032023-768x1086.png",768,1086,true],"large":["https:\/\/www.mdrhformation.fr\/wp-content\/uploads\/2023\/03\/CGV-17032023-724x1024.png",724,1024,true],"RoboGalleryMansoryImagesCenter":["https:\/\/www.mdrhformation.fr\/wp-content\/uploads\/2023\/03\/CGV-17032023-600x1024.png",600,1024,true],"RoboGalleryPreload":["https:\/\/www.mdrhformation.fr\/wp-content\/uploads\/2023\/03\/CGV-17032023.png",100,141,false],"1536x1536":["https:\/\/www.mdrhformation.fr\/wp-content\/uploads\/2023\/03\/CGV-17032023-1086x1536.png",1086,1536,true],"2048x2048":["https:\/\/www.mdrhformation.fr\/wp-content\/uploads\/2023\/03\/CGV-17032023.png",1414,2000,false],"wptouch-new-thumbnail":["https:\/\/www.mdrhformation.fr\/wp-content\/uploads\/2023\/03\/CGV-17032023.png",102,144,false]},"uagb_author_info":{"display_name":"mdrhformation@ddsama.fr","author_link":"https:\/\/www.mdrhformation.fr\/?author=2"},"uagb_comment_info":0,"uagb_excerpt":"CGV&nbsp;&#8211;&nbsp;R\u00e8glement Int\u00e9rieur&nbsp;&#8211;&nbsp;Confidentialit\u00e9&nbsp;&#8211;&nbsp;Mentions L\u00e9gales &#8211; Charte d\u00e9ontologique Mdrh Formation &#8211; Certification Qualiopi","coauthors":[],"author_meta":{"author_link":"https:\/\/www.mdrhformation.fr\/?author=2","display_name":"mdrhformation@ddsama.fr"},"relative_dates":{"created":"Publi\u00e9 3 ans il y a","modified":"Mis \u00e0 jour 10 mois il y a"},"absolute_dates":{"created":"Publi\u00e9 le 19 janvier 2023","modified":"Mise \u00e0 jour le 12 juin 2025"},"absolute_dates_time":{"created":"Publi\u00e9 le 19 janvier 2023 12h23","modified":"Mise \u00e0 jour le 12 juin 2025 16h57"},"featured_img_caption":"Mdrh formation - CGV","featured_img":"https:\/\/www.mdrhformation.fr\/wp-content\/uploads\/2023\/03\/CGV-17032023.png","series_order":"","_links":{"self":[{"href":"https:\/\/www.mdrhformation.fr\/index.php?rest_route=\/wp\/v2\/pages\/237","targetHints":{"allow":["GET"]}}],"collection":[{"href":"https:\/\/www.mdrhformation.fr\/index.php?rest_route=\/wp\/v2\/pages"}],"about":[{"href":"https:\/\/www.mdrhformation.fr\/index.php?rest_route=\/wp\/v2\/types\/page"}],"author":[{"embeddable":true,"href":"https:\/\/www.mdrhformation.fr\/index.php?rest_route=\/wp\/v2\/users\/2"}],"replies":[{"embeddable":true,"href":"https:\/\/www.mdrhformation.fr\/index.php?rest_route=%2Fwp%2Fv2%2Fcomments&post=237"}],"version-history":[{"count":0,"href":"https:\/\/www.mdrhformation.fr\/index.php?rest_route=\/wp\/v2\/pages\/237\/revisions"}],"wp:featuredmedia":[{"embeddable":true,"href":"https:\/\/www.mdrhformation.fr\/index.php?rest_route=\/wp\/v2\/media\/1677"}],"wp:attachment":[{"href":"https:\/\/www.mdrhformation.fr\/index.php?rest_route=%2Fwp%2Fv2%2Fmedia&parent=237"}],"curies":[{"name":"wp","href":"https:\/\/api.w.org\/{rel}","templated":true}]}}